[INFO] cloning repository https://github.com/bundai223/rust-roguelike
[INFO] running `Command { std: "git" "-c" "credential.helper=" "-c" "credential.helper=/workspace/cargo-home/bin/git-credential-null" "clone" "--bare" "https://github.com/bundai223/rust-roguelike" "/workspace/cache/git-repos/https%3A%2F%2Fgithub.com%2Fbundai223%2Frust-roguelike", kill_on_drop: false }`
[INFO] [stderr] Cloning into bare repository '/workspace/cache/git-repos/https%3A%2F%2Fgithub.com%2Fbundai223%2Frust-roguelike'...
[INFO] running `Command { std: "git" "rev-parse" "HEAD", kill_on_drop: false }`
[INFO] [stdout] 15f1ac75a206799b4ed5dcd4780bc4c393cdb629
[INFO] checking bundai223/rust-roguelike against master#af3c6e733a40e671550e0f0f5aeecaa13772ba56 for pr-74989
[INFO] running `Command { std: "git" "clone" "/workspace/cache/git-repos/https%3A%2F%2Fgithub.com%2Fbundai223%2Frust-roguelike" "/workspace/builds/worker-1/source", kill_on_drop: false }`
[INFO] [stderr] Cloning into '/workspace/builds/worker-1/source'...
[INFO] [stderr] done.
[INFO] validating manifest of git repo https://github.com/bundai223/rust-roguelike on toolchain af3c6e733a40e671550e0f0f5aeecaa13772ba56
[INFO] running `Command { std: "/workspace/cargo-home/bin/cargo" "+af3c6e733a40e671550e0f0f5aeecaa13772ba56" "read-manifest" "--manifest-path" "Cargo.toml", kill_on_drop: false }`
[INFO] started tweaking git repo https://github.com/bundai223/rust-roguelike
[INFO] finished tweaking git repo https://github.com/bundai223/rust-roguelike
[INFO] tweaked toml for git repo https://github.com/bundai223/rust-roguelike written to /workspace/builds/worker-1/source/Cargo.toml
[INFO] crate git repo https://github.com/bundai223/rust-roguelike already has a lockfile, it will not be regenerated
[INFO] running `Command { std: "/workspace/cargo-home/bin/cargo" "+af3c6e733a40e671550e0f0f5aeecaa13772ba56" "fetch" "--locked" "--manifest-path" "Cargo.toml", kill_on_drop: false }`
[INFO] [stderr]     Blocking waiting for file lock on package cache
[INFO] [stderr] error: the lock file /workspace/builds/worker-1/source/Cargo.lock needs to be updated but --locked was passed to prevent this
[INFO] [stderr] If you want to try to generate the lock file without accessing the network, use the --offline flag.
[INFO] the lockfile is outdated, regenerating it
[INFO] running `Command { std: "/workspace/cargo-home/bin/cargo" "+af3c6e733a40e671550e0f0f5aeecaa13772ba56" "generate-lockfile" "--manifest-path" "Cargo.toml" "-Zno-index-update", kill_on_drop: false }`
[INFO] [stderr]     Updating git repository `https://github.com/tomassedovic/tcod-rs.git`
[INFO] running `Command { std: "/workspace/cargo-home/bin/cargo" "+af3c6e733a40e671550e0f0f5aeecaa13772ba56" "fetch" "--locked" "--manifest-path" "Cargo.toml", kill_on_drop: false }`
[INFO] [stderr]     Blocking waiting for file lock on package cache
[INFO] running `Command { std: "docker" "create" "-v" "/var/lib/crater-agent-workspace/builds/worker-1/target:/opt/rustwide/target:rw,Z" "-v" "/var/lib/crater-agent-workspace/builds/worker-1/source:/opt/rustwide/workdir:ro,Z" "-v" "/var/lib/crater-agent-workspace/cargo-home:/opt/rustwide/cargo-home:ro,Z" "-v" "/var/lib/crater-agent-workspace/rustup-home:/opt/rustwide/rustup-home:ro,Z" "-e" "SOURCE_DIR=/opt/rustwide/workdir" "-e" "CARGO_TARGET_DIR=/opt/rustwide/target" "-e" "CARGO_HOME=/opt/rustwide/cargo-home" "-e" "RUSTUP_HOME=/opt/rustwide/rustup-home" "-w" "/opt/rustwide/workdir" "-m" "1610612736" "--user" "0:0" "--network" "none" "rustops/crates-build-env@sha256:d92eaeed33fa75130ca1ee6c8a01d1ffb62bac859dfdfb3450e3e5d1c0146529" "/opt/rustwide/cargo-home/bin/cargo" "+af3c6e733a40e671550e0f0f5aeecaa13772ba56" "metadata" "--no-deps" "--format-version=1", kill_on_drop: false }`
[INFO] [stdout] b627b20a8c16d67db1c66b921bf40b7f21dfd7f93dcf37e1c944a85a6e259cd3
[INFO] [stderr] WARNING: Your kernel does not support swap limit capabilities or the cgroup is not mounted. Memory limited without swap.
[INFO] running `Command { std: "docker" "start" "-a" "b627b20a8c16d67db1c66b921bf40b7f21dfd7f93dcf37e1c944a85a6e259cd3", kill_on_drop: false }`
[INFO] running `Command { std: "docker" "inspect" "b627b20a8c16d67db1c66b921bf40b7f21dfd7f93dcf37e1c944a85a6e259cd3", kill_on_drop: false }`
[INFO] running `Command { std: "docker" "rm" "-f" "b627b20a8c16d67db1c66b921bf40b7f21dfd7f93dcf37e1c944a85a6e259cd3", kill_on_drop: false }`
[INFO] [stdout] b627b20a8c16d67db1c66b921bf40b7f21dfd7f93dcf37e1c944a85a6e259cd3
[INFO] running `Command { std: "docker" "create" "-v" "/var/lib/crater-agent-workspace/builds/worker-1/target:/opt/rustwide/target:rw,Z" "-v" "/var/lib/crater-agent-workspace/builds/worker-1/source:/opt/rustwide/workdir:ro,Z" "-v" "/var/lib/crater-agent-workspace/cargo-home:/opt/rustwide/cargo-home:ro,Z" "-v" "/var/lib/crater-agent-workspace/rustup-home:/opt/rustwide/rustup-home:ro,Z" "-e" "SOURCE_DIR=/opt/rustwide/workdir" "-e" "CARGO_TARGET_DIR=/opt/rustwide/target" "-e" "CARGO_INCREMENTAL=0" "-e" "RUST_BACKTRACE=full" "-e" "RUSTFLAGS=--cap-lints=forbid" "-e" "CARGO_HOME=/opt/rustwide/cargo-home" "-e" "RUSTUP_HOME=/opt/rustwide/rustup-home" "-w" "/opt/rustwide/workdir" "-m" "1610612736" "--user" "0:0" "--network" "none" "rustops/crates-build-env@sha256:d92eaeed33fa75130ca1ee6c8a01d1ffb62bac859dfdfb3450e3e5d1c0146529" "/opt/rustwide/cargo-home/bin/cargo" "+af3c6e733a40e671550e0f0f5aeecaa13772ba56" "check" "--frozen" "--all" "--all-targets" "--message-format=json", kill_on_drop: false }`
[INFO] [stderr] WARNING: Your kernel does not support swap limit capabilities or the cgroup is not mounted. Memory limited without swap.
[INFO] [stdout] 7e43ba3657cd6ddbb2f1a56359eec25225e45d768d11fb0bfea10ec13b98ffa9
[INFO] running `Command { std: "docker" "start" "-a" "7e43ba3657cd6ddbb2f1a56359eec25225e45d768d11fb0bfea10ec13b98ffa9", kill_on_drop: false }`
[INFO] [stderr]    Compiling tcod-sys v3.0.0 (https://github.com/tomassedovic/tcod-rs.git?rev=8934fbf0d04826fd9dcc74a7e071c36f3bd15fef#8934fbf0)
[INFO] [stderr]     Checking libc v0.1.12
[INFO] [stderr]     Checking bitflags v0.1.1
[INFO] [stderr] error: failed to run custom build command for `tcod-sys v3.0.0 (https://github.com/tomassedovic/tcod-rs.git?rev=8934fbf0d04826fd9dcc74a7e071c36f3bd15fef#8934fbf0)`
[INFO] [stderr] 
[INFO] [stderr] Caused by:
[INFO] [stderr]   process didn't exit successfully: `/opt/rustwide/target/debug/build/tcod-sys-5f480e26b001975a/build-script-build` (exit code: 101)
[INFO] [stderr]   --- stdout
[INFO] [stderr]   STDOUT: \rm -f /tmp/libtcod/release/bresenham_c.o /tmp/libtcod/release/bsp_c.o /tmp/libtcod/release/color_c.o /tmp/libtcod/release/console_c.o /tmp/libtcod/release/fov_c.o /tmp/libtcod/release/fov_circular_raycasting.o /tmp/libtcod/release/fov_diamond_raycasting.o /tmp/libtcod/release/fov_recursive_shadowcasting.o /tmp/libtcod/release/fov_permissive2.o /tmp/libtcod/release/fov_restrictive.o /tmp/libtcod/release/heightmap_c.o /tmp/libtcod/release/image_c.o /tmp/libtcod/release/lex_c.o /tmp/libtcod/release/list_c.o /tmp/libtcod/release/mersenne_c.o /tmp/libtcod/release/noise_c.o /tmp/libtcod/release/parser_c.o /tmp/libtcod/release/path_c.o /tmp/libtcod/release/sys_c.o /tmp/libtcod/release/sys_opengl_c.o /tmp/libtcod/release/sys_sdl_c.o /tmp/libtcod/release/sys_sdl_img_bmp.o /tmp/libtcod/release/sys_sdl_img_png.o /tmp/libtcod/release/tree_c.o /tmp/libtcod/release/txtfield_c.o /tmp/libtcod/release/wrappers.o /tmp/libtcod/release/zip_c.o /tmp/libtcod/release/namegen_c.o /tmp/libtcod/release/png/lodepng.o /tmp/libtcod/release/bresenham.o /tmp/libtcod/release/bsp.o /tmp/libtcod/release/color.o /tmp/libtcod/release/console.o /tmp/libtcod/release/fov.o /tmp/libtcod/release/heightmap.o /tmp/libtcod/release/image.o /tmp/libtcod/release/lex.o /tmp/libtcod/release/mersenne.o /tmp/libtcod/release/mouse.o /tmp/libtcod/release/noise.o /tmp/libtcod/release/parser.o /tmp/libtcod/release/path.o /tmp/libtcod/release/sys.o /tmp/libtcod/release/txtfield.o /tmp/libtcod/release/zip.o /tmp/libtcod/release/namegen.o /tmp/libtcod/release/gui/button.o /tmp/libtcod/release/gui/container.o /tmp/libtcod/release/gui/flatlist.o /tmp/libtcod/release/gui/hbox.o /tmp/libtcod/release/gui/image.o /tmp/libtcod/release/gui/label.o /tmp/libtcod/release/gui/radiobutton.o /tmp/libtcod/release/gui/slider.o /tmp/libtcod/release/gui/statusbar.o /tmp/libtcod/release/gui/textbox.o /tmp/libtcod/release/gui/togglebutton.o /tmp/libtcod/release/gui/toolbar.o /tmp/libtcod/release/gui/vbox.o /tmp/libtcod/release/gui/widget.o /tmp/libtcod/debug/bresenham_c.o /tmp/libtcod/debug/bsp_c.o /tmp/libtcod/debug/color_c.o /tmp/libtcod/debug/console_c.o /tmp/libtcod/debug/fov_c.o /tmp/libtcod/debug/fov_circular_raycasting.o /tmp/libtcod/debug/fov_diamond_raycasting.o /tmp/libtcod/debug/fov_recursive_shadowcasting.o /tmp/libtcod/debug/fov_permissive2.o /tmp/libtcod/debug/fov_restrictive.o /tmp/libtcod/debug/heightmap_c.o /tmp/libtcod/debug/image_c.o /tmp/libtcod/debug/lex_c.o /tmp/libtcod/debug/list_c.o /tmp/libtcod/debug/mersenne_c.o /tmp/libtcod/debug/noise_c.o /tmp/libtcod/debug/parser_c.o /tmp/libtcod/debug/path_c.o /tmp/libtcod/debug/sys_c.o /tmp/libtcod/debug/sys_opengl_c.o /tmp/libtcod/debug/sys_sdl_c.o /tmp/libtcod/debug/sys_sdl_img_bmp.o /tmp/libtcod/debug/sys_sdl_img_png.o /tmp/libtcod/debug/tree_c.o /tmp/libtcod/debug/txtfield_c.o /tmp/libtcod/debug/wrappers.o /tmp/libtcod/debug/zip_c.o /tmp/libtcod/debug/namegen_c.o /tmp/libtcod/debug/png/lodepng.o /tmp/libtcod/debug/bresenham.o /tmp/libtcod/debug/bsp.o /tmp/libtcod/debug/color.o /tmp/libtcod/debug/console.o /tmp/libtcod/debug/fov.o /tmp/libtcod/debug/heightmap.o /tmp/libtcod/debug/image.o /tmp/libtcod/debug/lex.o /tmp/libtcod/debug/mersenne.o /tmp/libtcod/debug/mouse.o /tmp/libtcod/debug/noise.o /tmp/libtcod/debug/parser.o /tmp/libtcod/debug/path.o /tmp/libtcod/debug/sys.o /tmp/libtcod/debug/txtfield.o /tmp/libtcod/debug/zip.o /tmp/libtcod/debug/namegen.o /tmp/libtcod/debug/gui/button.o /tmp/libtcod/debug/gui/container.o /tmp/libtcod/debug/gui/flatlist.o /tmp/libtcod/debug/gui/hbox.o /tmp/libtcod/debug/gui/image.o /tmp/libtcod/debug/gui/label.o /tmp/libtcod/debug/gui/radiobutton.o /tmp/libtcod/debug/gui/slider.o /tmp/libtcod/debug/gui/statusbar.o /tmp/libtcod/debug/gui/textbox.o /tmp/libtcod/debug/gui/togglebutton.o /tmp/libtcod/debug/gui/toolbar.o /tmp/libtcod/debug/gui/vbox.o /tmp/libtcod/debug/gui/widget.o libtcod.a libtcodxx.a libtcod.so libtcodxx.so libtcodgui.so libtcod_debug.so libtcodxx_debug.so libtcodgui_debug.so libtcodpy.pyc
[INFO] [stderr]   mkdir -p /tmp/libtcod/debug/png
[INFO] [stderr]   Compiling debug src/bresenham_c.c
[INFO] [stderr]   Compiling debug src/bsp_c.c
[INFO] [stderr]   Compiling debug src/color_c.c
[INFO] [stderr]   Compiling debug src/console_c.c
[INFO] [stderr]   Compiling debug src/fov_c.c
[INFO] [stderr]   Compiling debug src/fov_circular_raycasting.c
[INFO] [stderr]   Compiling debug src/fov_diamond_raycasting.c
[INFO] [stderr]   Compiling debug src/fov_recursive_shadowcasting.c
[INFO] [stderr]   Compiling debug src/fov_permissive2.c
[INFO] [stderr]   Compiling debug src/fov_restrictive.c
[INFO] [stderr]   Compiling debug src/heightmap_c.c
[INFO] [stderr]   Compiling debug src/image_c.c
[INFO] [stderr]   Compiling debug src/lex_c.c
[INFO] [stderr]   Compiling debug src/list_c.c
[INFO] [stderr]   Compiling debug src/mersenne_c.c
[INFO] [stderr]   Compiling debug src/noise_c.c
[INFO] [stderr]   Compiling debug src/parser_c.c
[INFO] [stderr]   Compiling debug src/path_c.c
[INFO] [stderr]   Compiling debug src/sys_c.c
[INFO] [stderr]   Compiling debug src/sys_opengl_c.c
[INFO] [stderr] 
[INFO] [stderr]   STDERR: /bin/sh: 1: sdl-config: not found
[INFO] [stderr]   /bin/sh: 1: sdl-config: not found
[INFO] [stderr]   /bin/sh: 1: sdl-config: not found
[INFO] [stderr]   /bin/sh: 1: sdl-config: not found
[INFO] [stderr]   src/console_c.c: In function 'TCOD_console_vsprint':
[INFO] [stderr]   src/console_c.c:524:13: warning: implicit declaration of function 'vsnprintf'; did you mean 'vsprintf'? [-Wimplicit-function-declaration]
[INFO] [stderr]     524 |   int len = vsnprintf(msg[curbuf],buflen[curbuf],fmt,ap);
[INFO] [stderr]         |             ^~~~~~~~~
[INFO] [stderr]         |             vsprintf
[INFO] [stderr]   In file included from src/console_c.c:33:
[INFO] [stderr]   src/console_c.c: In function 'TCOD_console_vsprint_utf':
[INFO] [stderr]   include/libtcod.h:163:20: warning: implicit declaration of function 'vswprintf'; did you mean 'vsprintf'? [-Wimplicit-function-declaration]
[INFO] [stderr]     163 | #define vsnwprintf vswprintf
[INFO] [stderr]         |                    ^~~~~~~~~
[INFO] [stderr]   src/console_c.c:822:13: note: in expansion of macro 'vsnwprintf'
[INFO] [stderr]     822 |   int len = vsnwprintf(msg[curbuf],buflen[curbuf],fmt,ap);
[INFO] [stderr]         |             ^~~~~~~~~~
[INFO] [stderr]   /bin/sh: 1: sdl-config: not found
[INFO] [stderr]   /bin/sh: 1: sdl-config: not found
[INFO] [stderr]   /bin/sh: 1: sdl-config: not found
[INFO] [stderr]   /bin/sh: 1: sdl-config: not found
[INFO] [stderr]   /bin/sh: 1: sdl-config: not found
[INFO] [stderr]   /bin/sh: 1: sdl-config: not found
[INFO] [stderr]   /bin/sh: 1: sdl-config: not found
[INFO] [stderr]   /bin/sh: 1: sdl-config: not found
[INFO] [stderr]   /bin/sh: 1: sdl-config: not found
[INFO] [stderr]   src/lex_c.c: In function 'TCOD_lex_parse_until_token_type':
[INFO] [stderr]   src/lex_c.c:649:9: warning: this 'if' clause does not guard... [-Wmisleading-indentation]
[INFO] [stderr]     649 |         if ( token == tokenType )
[INFO] [stderr]         |         ^~
[INFO] [stderr]   src/lex_c.c:651:6: note: ...this statement, but the latter is misleadingly indented as if it were guarded by the 'if'
[INFO] [stderr]     651 |      token = TCOD_lex_parse(lex);
[INFO] [stderr]         |      ^~~~~
[INFO] [stderr]   src/lex_c.c: In function 'TCOD_lex_parse_until_token_value':
[INFO] [stderr]   src/lex_c.c:664:9: warning: this 'if' clause does not guard... [-Wmisleading-indentation]
[INFO] [stderr]     664 |         if ( strcmp( lex->tok, tokenValue ) == 0
[INFO] [stderr]         |         ^~
[INFO] [stderr]   src/lex_c.c:667:6: note: ...this statement, but the latter is misleadingly indented as if it were guarded by the 'if'
[INFO] [stderr]     667 |      token = TCOD_lex_parse(lex);
[INFO] [stderr]         |      ^~~~~
[INFO] [stderr]   /bin/sh: 1: sdl-config: not found
[INFO] [stderr]   /bin/sh: 1: sdl-config: not found
[INFO] [stderr]   /bin/sh: 1: sdl-config: not found
[INFO] [stderr]   /bin/sh: 1: sdl-config: not found
[INFO] [stderr]   src/parser_c.c: In function 'TCOD_parser_error':
[INFO] [stderr]   src/parser_c.c:89:38: warning: '%s' directive writing up to 2047 bytes into a region of size 2029 [-Wformat-overflow=]
[INFO] [stderr]      89 |  sprintf(buf2,"error in %s line %d : %s",lex->filename,lex->file_line,buf);
[INFO] [stderr]         |                                      ^~                               ~~~
[INFO] [stderr]   src/parser_c.c:89:2: note: 'sprintf' output 20 or more bytes (assuming 2067) into a destination of size 2048
[INFO] [stderr]      89 |  sprintf(buf2,"error in %s line %d : %s",lex->filename,lex->file_line,buf);
[INFO] [stderr]         |  ^~~~~~~~~~~~~~~~~~~~~~~~~~~~~~~~~~~~~~~~~~~~~~~~~~~~~~~~~~~~~~~~~~~~~~~~~
[INFO] [stderr]   src/parser_c.c: In function 'default_new_flag':
[INFO] [stderr]   src/parser_c.c:781:20: warning: 'sprintf' may write a terminating nul past the end of the destination [-Wformat-overflow=]
[INFO] [stderr]     781 |  sprintf(tmp,"%s.%s",cur_prop_name,name);
[INFO] [stderr]         |                    ^
[INFO] [stderr]   src/parser_c.c:781:2: note: 'sprintf' output 2 or more bytes (assuming 513) into a destination of size 512
[INFO] [stderr]     781 |  sprintf(tmp,"%s.%s",cur_prop_name,name);
[INFO] [stderr]         |  ^~~~~~~~~~~~~~~~~~~~~~~~~~~~~~~~~~~~~~~
[INFO] [stderr]   src/parser_c.c: In function 'default_new_property':
[INFO] [stderr]   src/parser_c.c:792:20: warning: 'sprintf' may write a terminating nul past the end of the destination [-Wformat-overflow=]
[INFO] [stderr]     792 |  sprintf(tmp,"%s.%s",cur_prop_name,propname);
[INFO] [stderr]         |                    ^
[INFO] [stderr]   src/parser_c.c:792:2: note: 'sprintf' output 2 or more bytes (assuming 513) into a destination of size 512
[INFO] [stderr]     792 |  sprintf(tmp,"%s.%s",cur_prop_name,propname);
[INFO] [stderr]         |  ^~~~~~~~~~~~~~~~~~~~~~~~~~~~~~~~~~~~~~~~~~~
[INFO] [stderr]   /bin/sh: 1: sdl-config: not found
[INFO] [stderr]   /bin/sh: 1: sdl-config: not found
[INFO] [stderr]   src/sys_c.c: In function 'TCOD_sys_get_directory_content':
[INFO] [stderr]   src/sys_c.c:159:25: warning: implicit declaration of function 'strdup'; did you mean 'strcmp'? [-Wimplicit-function-declaration]
[INFO] [stderr]     159 |     TCOD_list_push(list,strdup(dirent->d_name));
[INFO] [stderr]         |                         ^~~~~~
[INFO] [stderr]         |                         strcmp
[INFO] [stderr]   src/sys_c.c:159:25: warning: passing argument 2 of 'TCOD_list_push' makes pointer from integer without a cast [-Wint-conversion]
[INFO] [stderr]     159 |     TCOD_list_push(list,strdup(dirent->d_name));
[INFO] [stderr]         |                         ^~~~~~~~~~~~~~~~~~~~~~
[INFO] [stderr]         |                         |
[INFO] [stderr]         |                         int
[INFO] [stderr]   In file included from include/libtcod.h:178,
[INFO] [stderr]                    from src/sys_c.c:41:
[INFO] [stderr]   include/list.h:37:61: note: expected 'const void *' but argument is of type 'int'
[INFO] [stderr]      37 | TCODLIB_API void TCOD_list_push(TCOD_list_t l, const void * elt);
[INFO] [stderr]         |                                                ~~~~~~~~~~~~~^~~
[INFO] [stderr]   src/sys_c.c: In function 'TCOD_sys_clipboard_get':
[INFO] [stderr]   src/sys_c.c:645:12: warning: initialization of 'char *' from 'int' makes pointer from integer without a cast [-Wint-conversion]
[INFO] [stderr]     645 |  char *ret=strdup(xbuf);
[INFO] [stderr]         |            ^~~~~~
[INFO] [stderr]   /bin/sh: 1: sdl-config: not found
[INFO] [stderr]   src/sys_opengl_c.c:35:10: fatal error: SDL/SDL.h: No such file or directory
[INFO] [stderr]      35 | #include <SDL/SDL.h>
[INFO] [stderr]         |          ^~~~~~~~~~~
[INFO] [stderr]   compilation terminated.
[INFO] [stderr]   make: *** [makefiles/makefile-linux:37: /tmp/libtcod/debug/sys_opengl_c.o] Error 1
[INFO] [stderr] 
[INFO] [stderr] 
[INFO] [stderr]   --- stderr
[INFO] [stderr]   thread 'main' panicked at '`make` returned: exit code: 2', /opt/rustwide/cargo-home/git/checkouts/tcod-rs-c9d6a4d6f7c2177e/8934fbf/tcod_sys/build.rs:39:13
[INFO] [stderr]   stack backtrace:
[INFO] [stderr]      0:     0x55d457574950 - std::backtrace_rs::backtrace::libunwind::trace::h452faf99f32e7c93
[INFO] [stderr]                                  at /rustc/af3c6e733a40e671550e0f0f5aeecaa13772ba56/library/std/src/../../backtrace/src/backtrace/libunwind.rs:96
[INFO] [stderr]      1:     0x55d457574950 - std::backtrace_rs::backtrace::trace_unsynchronized::he40edc71437667a1
[INFO] [stderr]                                  at /rustc/af3c6e733a40e671550e0f0f5aeecaa13772ba56/library/std/src/../../backtrace/src/backtrace/mod.rs:66
[INFO] [stderr]      2:     0x55d457574950 - std::sys_common::backtrace::_print_fmt::h6c51d6ade71f46bf
[INFO] [stderr]                                  at /rustc/af3c6e733a40e671550e0f0f5aeecaa13772ba56/library/std/src/sys_common/backtrace.rs:79
[INFO] [stderr]      3:     0x55d457574950 - <std::sys_common::backtrace::_print::DisplayBacktrace as core::fmt::Display>::fmt::h3cd15d7003dec37a
[INFO] [stderr]                                  at /rustc/af3c6e733a40e671550e0f0f5aeecaa13772ba56/library/std/src/sys_common/backtrace.rs:58
[INFO] [stderr]      4:     0x55d45759216c - core::fmt::write::h1857a60b204f1b6a
[INFO] [stderr]                                  at /rustc/af3c6e733a40e671550e0f0f5aeecaa13772ba56/library/core/src/fmt/mod.rs:1080
[INFO] [stderr]      5:     0x55d457572037 - std::io::Write::write_fmt::hac61caff894c35ae
[INFO] [stderr]                                  at /rustc/af3c6e733a40e671550e0f0f5aeecaa13772ba56/library/std/src/io/mod.rs:1517
[INFO] [stderr]      6:     0x55d457576a60 - std::sys_common::backtrace::_print::haa2f390fb7957e3e
[INFO] [stderr]                                  at /rustc/af3c6e733a40e671550e0f0f5aeecaa13772ba56/library/std/src/sys_common/backtrace.rs:61
[INFO] [stderr]      7:     0x55d457576a60 - std::sys_common::backtrace::print::h48c7cbbad9013bb1
[INFO] [stderr]                                  at /rustc/af3c6e733a40e671550e0f0f5aeecaa13772ba56/library/std/src/sys_common/backtrace.rs:48
[INFO] [stderr]      8:     0x55d457576a60 - std::panicking::default_hook::{{closure}}::h8b7ff05a31e71d55
[INFO] [stderr]                                  at /rustc/af3c6e733a40e671550e0f0f5aeecaa13772ba56/library/std/src/panicking.rs:208
[INFO] [stderr]      9:     0x55d4575767ac - std::panicking::default_hook::h2f00c78800d98e4c
[INFO] [stderr]                                  at /rustc/af3c6e733a40e671550e0f0f5aeecaa13772ba56/library/std/src/panicking.rs:227
[INFO] [stderr]     10:     0x55d4575770c3 - std::panicking::rust_panic_with_hook::h4eaa635e4694aef3
[INFO] [stderr]                                  at /rustc/af3c6e733a40e671550e0f0f5aeecaa13772ba56/library/std/src/panicking.rs:577
[INFO] [stderr]     11:     0x55d457576c99 - std::panicking::begin_panic_handler::{{closure}}::hec242f1b136b5ff2
[INFO] [stderr]                                  at /rustc/af3c6e733a40e671550e0f0f5aeecaa13772ba56/library/std/src/panicking.rs:484
[INFO] [stderr]     12:     0x55d457574dbc - std::sys_common::backtrace::__rust_end_short_backtrace::h1f3cc383ee6c0374
[INFO] [stderr]                                  at /rustc/af3c6e733a40e671550e0f0f5aeecaa13772ba56/library/std/src/sys_common/backtrace.rs:153
[INFO] [stderr]     13:     0x55d457576c59 - rust_begin_unwind
[INFO] [stderr]                                  at /rustc/af3c6e733a40e671550e0f0f5aeecaa13772ba56/library/std/src/panicking.rs:483
[INFO] [stderr]     14:     0x55d457576c0b - std::panicking::begin_panic_fmt::hebfdcd945bbd27b1
[INFO] [stderr]                                  at /rustc/af3c6e733a40e671550e0f0f5aeecaa13772ba56/library/std/src/panicking.rs:437
[INFO] [stderr]     15:     0x55d457555304 - build_script_build::main::h8033e44895c3021b
[INFO] [stderr]                                  at /opt/rustwide/cargo-home/git/checkouts/tcod-rs-c9d6a4d6f7c2177e/8934fbf/tcod_sys/build.rs:39
[INFO] [stderr]     16:     0x55d45755c7eb - core::ops::function::FnOnce::call_once::ha06e2f49be6e23c1
[INFO] [stderr]                                  at /rustc/af3c6e733a40e671550e0f0f5aeecaa13772ba56/library/core/src/ops/function.rs:227
[INFO] [stderr]     17:     0x55d45755bc7e - std::sys_common::backtrace::__rust_begin_short_backtrace::ha6e96b1be11cb91a
[INFO] [stderr]                                  at /rustc/af3c6e733a40e671550e0f0f5aeecaa13772ba56/library/std/src/sys_common/backtrace.rs:137
[INFO] [stderr]     18:     0x55d457557411 - std::rt::lang_start::{{closure}}::hdc2971b2b960baee
[INFO] [stderr]                                  at /rustc/af3c6e733a40e671550e0f0f5aeecaa13772ba56/library/std/src/rt.rs:66
[INFO] [stderr]     19:     0x55d4575774c1 - core::ops::function::impls::<impl core::ops::function::FnOnce<A> for &F>::call_once::hecc21eb9018cc197
[INFO] [stderr]                                  at /rustc/af3c6e733a40e671550e0f0f5aeecaa13772ba56/library/core/src/ops/function.rs:259
[INFO] [stderr]     20:     0x55d4575774c1 - std::panicking::try::do_call::h174ad655d084b5c7
[INFO] [stderr]                                  at /rustc/af3c6e733a40e671550e0f0f5aeecaa13772ba56/library/std/src/panicking.rs:381
[INFO] [stderr]     21:     0x55d4575774c1 - std::panicking::try::h479e6054ce28de10
[INFO] [stderr]                                  at /rustc/af3c6e733a40e671550e0f0f5aeecaa13772ba56/library/std/src/panicking.rs:345
[INFO] [stderr]     22:     0x55d4575774c1 - std::panic::catch_unwind::hb558ddea2b3e9c45
[INFO] [stderr]                                  at /rustc/af3c6e733a40e671550e0f0f5aeecaa13772ba56/library/std/src/panic.rs:382
[INFO] [stderr]     23:     0x55d4575774c1 - std::rt::lang_start_internal::h163149047f0a8b61
[INFO] [stderr]                                  at /rustc/af3c6e733a40e671550e0f0f5aeecaa13772ba56/library/std/src/rt.rs:51
[INFO] [stderr]     24:     0x55d4575573e7 - std::rt::lang_start::hae05e371467c10e3
[INFO] [stderr]                                  at /rustc/af3c6e733a40e671550e0f0f5aeecaa13772ba56/library/std/src/rt.rs:65
[INFO] [stderr]     25:     0x55d457555d1a - main
[INFO] [stderr]     26:     0x7f0e485c90b3 - __libc_start_main
[INFO] [stderr]     27:     0x55d45755309e - _start
[INFO] [stderr]     28:                0x0 - <unknown>
[INFO] running `Command { std: "docker" "inspect" "7e43ba3657cd6ddbb2f1a56359eec25225e45d768d11fb0bfea10ec13b98ffa9", kill_on_drop: false }`
[INFO] running `Command { std: "docker" "rm" "-f" "7e43ba3657cd6ddbb2f1a56359eec25225e45d768d11fb0bfea10ec13b98ffa9", kill_on_drop: false }`
[INFO] [stdout] 7e43ba3657cd6ddbb2f1a56359eec25225e45d768d11fb0bfea10ec13b98ffa9
